mon factor of 32 and c.
4
Suppose -26*t + 51 = -676 - 105. Suppose 0 = 2*v + 3*v - 280. Calculate the highest common factor of t and v.
8
Let x be ((-16)/(-12))/(3*(-4)/(-828)). Suppose 0 = -2*z + 4*f + x, 2*z + 5*f - f - 124 = 0. Let u = 17 - -1. Calculate the greatest common factor of u and z.
18
Let d(o) = -o**3 + 5*o**2 - 5*o + 24. Let u be d(0). Calculate the greatest common factor of u and 1644.
12
Let h = -1242 - -1362. Calculate the greatest common divisor of 610 and h.
10
Let k be (-931)/399*(-78)/7. What is the greatest common factor of 442 and k?
26
Suppose 0 = 8*n - 5*n + g, -2*n - g = 0. Let c be -36*6/(-9) + n. Calculate the greatest common factor of 2 and c.
2
Let c(v) = 3*v**2 - 13*v + 20. Suppose 0 = -u + 4*q + 19, u - q = -6*q + 64. Let j = u + -31. Let z be c(j). What is the greatest common divisor of 27 and z?
27
Let i = 2 + 14. Let t(d) = 31*d - 22*d**2 - 27*d + 162*d**2. Let x be t(1). What is the highest common divisor of x and i?
16
Let j be 19 + -11 - (-2 + 3). Suppose 4*i = -5*d + j*i + 6744, -3*d + 4044 = -3*i. Calculate the highest common divisor of 25 and d.
25
Suppose 0*v + 5 = -v. Let s be 0/((8 + v)*2/(-3)). Suppose 5*c - c - 140 = s. Calculate the highest common divisor of c and 5.
5
Let c be (-4)/20 - ((-1056)/5)/6. Let x(o) = -3*o - 14. Let f be x(-7). Calculate the greatest common factor of c and f.
7
Let x(g) = g**2 - 22*g + 13. Let k be x(22). Let p = -8 + k. Suppose 4*i + 2*m - 75 = p*m, 3*m = -15. What is the greatest common factor of i and 45?
15
Suppose o - 13 = -5*k, 49*o - 51*o = -3*k. What is the highest common divisor of 291 and o?
3
Let p = -14958 - -15630. Calculate the greatest common factor of p and 462.
42
Suppose 3*n + 3*k = 2280, n = 2*n + 2*k - 760. Suppose -4*z - 6*z = -n. Let x be 1*191 - (-8 - -9). What is the highest common divisor of z and x?
38
Suppose -x + 4*m + 25 = 2, 0 = 2*x + 5*m + 6. Let j(s) = -2*s + 18. Let k be j(x). Let c be 2/k*2 - -15. What is the greatest common factor of c and 112?
16
Suppose 56*k + 3*m = 52*k + 460, 0 = 5*m - 20. Calculate the highest common factor of k and 10248.
56
Let m = -18134 - -20591. What is the greatest common factor of 455 and m?
91
Let n = -9396 - -9433. Let r be (-112 - -1)*(-14)/6. Calculate the highest common divisor of n and r.
37
Let b be 7/((-7)/(-2)) - (13 + -12). Let h = 426 - b. What is the greatest common divisor of h and 25?
25
Let v = 59 - 39. Suppose 17*f = v*f - 93. Suppose m = r - 4*r + f, 5*m = -r + 1. What is the highest common factor of 77 and r?
11
Suppose 2*n - 2*z = 12, 5*n - 15*z - 40 = -20*z. Let k be -15*60/(-18) + n. Calculate the highest common divisor of 38 and k.
19
Let n be (0 + -342)/(3/(-12)*6). Suppose 0 = -16*s + 364 + n. What is the greatest common factor of s and 148?
37
Suppose 133*a - 129*a = -80. Let n = 7 - a. Calculate the greatest common factor of 216 and n.
27
Let o be ((315/(-36))/7)/((-2)/8). Suppose o*s - 104 = 3*b, 4*s - 3*b = s + 66. What is the highest common factor of 190 and s?
19
Let h(x) = 23*x + 84. Let m be h(-4). Let f(a) = -4*a + 31. Let c be f(m). Calculate the highest common divisor of c and 84.
21
Suppose 187 = -44*q + 55*q. Let y(a) = -a**3 + 18*a**2 - 14*a + 4. Let g be y(11). Calculate the highest common factor of q and g.
17
Let k be -4*18/(-24) + -1 + 7. Suppose 0 = -k*u + 7008 + 1056. What is the highest common factor of u and 14?
14
Let d(w) = -2*w**2 - 22*w + 27. Let j be d(-12). Suppose n = -0 + 3, -j*n = 5*t - 99. Calculate the highest common factor of 288 and t.
18
Let t be 2 - ((-5422)/16 - 9/(13 + 59)). Suppose -7*l - 19 = -2*b - 4*l, 28 = 3*b - 5*l. Calculate the highest common factor of b and t.
11
Let v = -59 - -24. Let d = v - -78. What is the greatest common divisor of d and 129?
43
Suppose -3*u = 3*p + u - 924, -5*u = 3*p - 924. Let s be (11 + -9 - p/(-6))*3. Calculate the highest common factor of 40 and s.
40
Suppose -26*t = -168*t + 56232. Suppose -o - 3*w + 35 = 0, -2*w = 5*o + 3*w - 205. What is the greatest common divisor of o and t?
44
Let i(x) = -8*x - 4. Let q be i(-5). Let d(m) = 16*m**2 + 67*m - 17. Suppose 55 = 97*t - 108*t. Let c be d(t). Calculate the highest common factor of c and q.
12
Let x(t) be the third derivative of 0*t + 13/24*t**4 - 14*t**2 - 25/6*t**3 + 0. Let k be x(7). What is the greatest common divisor of 6 and k?
6
Let l be (6/4)/((-3)/28). Suppose 3*h - n + 16 = 0, 2*h + 4*n + 17 - 11 = 0. Let y = h - l. What is the highest common divisor of y and 45?
9
Let b(j) be the first derivative of j**4/4 + 22*j**3/3 - 13*j**2 - 23*j + 136. Let l be b(-23). What is the greatest common divisor of l and 1426?
46
Suppose 4*x - 6*x + 161 = 5*w, 3*w - 2*x - 103 = 0. Let s = -80 - -91. Calculate the greatest common divisor of s and w.
11
Let q be 5/4 + ((-121716)/(-48) - -19). Calculate the highest common factor of q and 72.
36
Suppose 0 = 3*q + 5*t - 8*t, -5*q - 8 = -t. Let p be 2 + (1 - 50/q). What is the greatest common factor of p and 7?
7
Suppose 4*n = -3*n + 420. Let r = n - -69. Calculate the highest common factor of r and 172.
43
Suppose -234*q + 3966630 = 1579830. What is the greatest common divisor of q and 60?
60
Suppose 4*j + 2354 = t, 2*j = -31 + 33. What is the greatest common divisor of 18 and t?
18
Let u be 12*1/(-2) + 6 + 388. Let h = -353 + u. What is the highest common divisor of 245 and h?
35
Let a be 1837170/240 + (-18)/(-16). What is the highest common divisor of a and 464?
232
Let z(g) = -4*g - 7. Let s be z(-5). Suppose 4*i + 2*k = 2*i + 828, 2*k = 5*i - 2084. Calculate the highest common divisor of i and s.
13
Let z be (1869/15)/(-1) + (-3)/(-5). Let h = 38 - z. Let j = h - 58. What is the highest common divisor of j and 13?
13
Let a = 16915 - 16699. What is the greatest common factor of 117 and a?
9
Let l be 14/(1240/300 + -4). Suppose 0*n - 144 = 4*n. Let v = -21 - n. Calculate the highest common factor of v and l.
15
Suppose 1600 + 48120 = 226*d. Let q be (12 - 2)/(6/165). What is the greatest common divisor of q and d?
55
Let b(v) be the second derivative of 5/12*v**4 - 1/6*v**3 + 0*v**2 + 8*v + 5. Let t be b(4). What is the greatest common factor of 4 and t?
4
Suppose -8*l = -125 - 451. Suppose 4*z - p = 59, 5*z - 2*p - l = p. What is the highest common divisor of z and 255?
15
Let n = -282 + 290. Suppose -7*q - 2 = -n*q - 3*c, -4*q + 5*c + 93 = 0. What is the highest common factor of 544 and q?
17
Let m be 64/10 - (-24)/(-60). Suppose r = -r + m. Suppose 0 = -4*l - a + 95, -3*a + 4*a + 80 = r*l. Calculate the greatest common factor of 10 and l.
5
Let s = 697 + -694. Suppose s*v + 7*v = 9750. What is the highest common divisor of 39 and v?
39
Let y(g) = 3*g**2 - 6*g + 2. Let d be y(2). Suppose 145 = d*p - f, p - 3*f - 65 = -0*p. Let s = -62 + p. Calculate the greatest common factor of 36 and s.
12
Let c be 31*19 + 1 + (-10)/2. What is the highest common factor of 180 and c?
45
Let d be 1912 + -4 + 2 - -9. Suppose 0 = -15*j - d + 7379. What is the highest common divisor of 104 and j?
52
Suppose 7*v - 2518 = 5*v + 4*s, -2*v + s = -2533. Calculate the highest common divisor of v and 9.
9
Suppose 16*a - 106*a - 179245 = -2477125. Calculate the greatest common divisor of a and 104.
52
Suppose -2*y = 3*i - 274, -2*y + 62*i + 266 = 64*i. Calculate the greatest common divisor of 150 and y.
25
Let y = -2572 - -2752. What is the highest common factor of y and 340?
20
Let z = 6123 + -5286. What is the highest common divisor of 372 and z?
93
Let i(h) = 3*h**2 - 75*h + 35. Let l be i(26). What is the highest common factor of 1469 and l?
113
Let q be (-8)/20*(0 - (126 - -4)). Let v be (-1653)/(-9) - (-70)/(-42). What is the highest common factor of v and q?
26
Let n(r) = 9 + 644*r**2 - 324*r**2 - 41*r - 319*r**2 - 42. Let j be n(42). Calculate the highest common divisor of j and 12.
3
Let q = 6384 + -6363. Calculate the greatest common factor of 161 and q.
7
Let c(k) = -k**3 - 10*k**2 - 19*k + 23. Let d be c(-7). Let y(u) = 0*u + u + 4*u - 28. Let i be y(d). Calculate the greatest common factor of 85 and i.
17
Let i = -7905 + 12873. What is the highest common divisor of 162 and i?
54
Let a = 28 - 23. Suppose 6 + 89 = 4*c - a*p, 4*p = 5*c - 130. What is the greatest common divisor of 80 and c?
10
Let s be 148/(-3)*40/((-80)/3). Calcu